t k = 30658 - 12600. Is k a prime number?
False
Let z be ((-1)/3)/((-5)/15). Suppose -5*y + 8 = -2*j, 3*j - 3*y + z = -y. Is 502/3 - j/3 a prime number?
True
Suppose -a + 4*m - 2*m + 2 = 0, -m = -1. Suppose 157 - 753 = -a*v. Is v a composite number?
False
Let v(h) = h**3 - 8*h**2 + 14*h - 11. Let d be v(6). Suppose 935 + 225 = -2*f. Is 1 - -1 - (f + d) prime?
False
Suppose f = -2*q - 8, -q - q - 8 = 0. Suppose p + f = -t - 14, 0 = -3*p - 5*t - 38. Is 1/(-4) - 1748/p composite?
False
Suppose 2*c + c = 102. Suppose -i - 3*w + c = 0, 2*i - 6*w = -4*w + 28. Is i composite?
False
Suppose 7*v - 23105 = 2*v. Is v prime?
True
Let c be (-4 + 1)*-1*1. Suppose 0 = d - 3*d + 6, 29 = 5*m + c*d. Suppose 246 = 3*f + h - m*h, 4*f - h - 337 = 0. Is f prime?
False
Suppose g + 5 = 0, 5*g = l - 0*g - 914. Is l composite?
True
Is (-18458)/(-2) + 236/59 prime?
False
Let w = 47399 + -27660. Is w a prime number?
True
Let l be ((-4)/(-6) + 1924/12)*1. Suppose 3*s = -2*g + 89 + l, 5*g - 643 = -3*s. Is g a composite number?
False
Suppose 2*p = 6*p + 308. Let a be 8/14 + (-948)/42. Is a/p - 528/(-14) prime?
False
Let a be 3 + 4/1 + 0. Suppose a = 4*u + 3. Is u - -223 - (3 + 0) a prime number?
False
Let i be ((-132)/16)/((-2)/(-16)). Let a = i + 111. Suppose -162 = -3*n + a. Is n a composite number?
True
Is 289 - (1 + -3 - -6 - 8) a composite number?
False
Let c(h) = h**3 - 12*h**2 - 3*h + 13. Let d(q) = -2*q**3 + 25*q**2 + 6*q - 26. Let g(x) = -9*c(x) - 4*d(x). Is g(-10) a composite number?
True
Suppose 12063 - 38103 = -5*t. Let a = t + -2987. Is a a prime number?
True
Let m(a) = -164*a**3 + 4*a - a**2 - 2 + a**2 + 7. Is m(-3) a prime number?
True
Let r(x) = x**2 + 4*x + 2. Suppose -2*o - 8 = -4*d - 0*d, 0 = -o + 4*d - 12. Suppose -o*s + 20 = -0. Is r(s) a composite number?
False
Let s(q) = -12*q**3 - 6*q**2 - 17*q + 19. Is s(-6) composite?
True
Is 1*(-8 - (-20053 - 6)) a composite number?
False
Suppose -13*z - 4 + 30 = 0. Suppose -z*t - t - 3*f + 486 = 0, f - 496 = -3*t. Is t a composite number?
False
Suppose 82*j = 79*j + 978. Suppose 5*l = o - j, -3*o + 5*l + 0*l = -988. Is o prime?
True
Let i(y) = -y**2 - 8*y - 10. Let v be i(-7). Let o(g) = -13*g - 5. Let f(x) = 26*x + 11. Let k(h) = 6*f(h) + 14*o(h). Is k(v) prime?
False
Suppose 3*y - 2*p = 146639, 7*y = 11*y + 3*p - 195530. Is y composite?
True
Let z(k) = -k + 2. Let g be z(0). Suppose -3 - g = -5*r, -4*r - 14 = 3*x. Is -6*(57/x + 3) composite?
True
Let w = -8771 + 58386. Is w prime?
False
Let z be -1 + (-7)/((-7)/6). Suppose 15 = -r + z*k, -3*r - 1 + 4 = -3*k. Let d(i) = i**3 + i**2 + 6*i + 5. Is d(r) a composite number?
True
Suppose s = 4*n - 29997, 5*s = n - 631 - 6873. Is n prime?
True
Suppose 5*g + 3*w - 610 = g, 0 = 2*g - 3*w - 314. Suppose n - 113 = -5*j + 173, 3*j + 5*n - g = 0. Suppose b = 91 + j. Is b composite?
False
Let o be (-1 - -2)/(-2)*-4. Suppose j + 77 = o*j. Is j a prime number?
False
Let l(b) = b - 14. Let u be l(15). Let t(q) = -39*q - 14. Let x(k) = -k - 1. Let i(n) = u*t(n) + 2*x(n). Is i(-9) a composite number?
False
Let n = 17 - 13. Suppose 5*s - 16 = n. Suppose -c + s*o = -15, 2*c = 4*c + 4*o - 78. Is c prime?
True
Let o = -904 + 6093. Is o a composite number?
False
Let m(a) = -a**2 - 11*a - 23. Let y be m(-7). Suppose -3*v - 22 = -2*g - v, y*g - v - 63 = 0. Is g composite?
False
Suppose 80 = -5*b - 0*b + 5*h, 0 = 5*h - 15. Let j = -13 - b. Suppose j = 3*l - 124 - 17. Is l composite?
False
Let g(q) = q**3 - 10*q**2 + 14*q + 48. Is g(17) composite?
False
Let g = -3 + 7. Suppose g*p + 3*f = 9, 0*p + 3*p + 12 = 4*f. Suppose p = -2*o + 5*o - 477. Is o prime?
False
Let x(q) = -976*q**3 - 6*q**2 - 3*q - 1. Suppose -3*o + 6 = 0, 3*d + d + 12 = 2*o. Is x(d) prime?
True
Is (-77936)/(-48) - (-4)/(-6) composite?
True
Suppose -3*o = -o, 5*a = 3*o. Let s be 1 - (-2 - a/(-1)). Suppose 4*m - t + 2*t = 1008, -1243 = -5*m + s*t. Is m composite?
False
Let c = 9 + -6. Suppose 8*o - c*o = 0. Suppose o*y + 2*y = 298. Is y prime?
True
Let m(v) = -4*v - 4*v**3 + 5*v - 2*v - 7 - 8*v**2 + 3*v**3. Let d be 2/(-7) - (-244)/(-28). Is m(d) prime?
True
Let z = -22362 - -56593. Is z a composite number?
False
Let d(n) = 3724*n**2 - 23*n + 12. Is d(-5) a prime number?
False
Let o(x) be the third derivative of x**7/2520 - x**6/720 + x**5/120 + x**4/24 - 5*x**2. Let d(c) be the second derivative of o(c). Is d(6) a composite number?
False
Let b(v) = 222*v + 13. Suppose -17 + 41 = 4*j. Is b(j) composite?
True
Suppose 0 = 2*k - 4*j + 3*j - 9706, 0 = -4*j. Is k a prime number?
False
Let f(v) = 1483*v + 572. Is f(9) a prime number?
False
Let t = 94 - 5. Suppose -t*n + 236 = -87*n. Is n a prime number?
False
Let s be 2/(-8) - ((-7)/(-4) + -4). Suppose s*m = m - 3*l + 2144, -2*l - 10 = 0. Is m a prime number?
False
Let t(w) = -1052*w + 15. Is t(-1) a composite number?
True
Suppose -12*w = 4 + 8. Is (1004*-1)/(-2)*w/(-2) composite?
False
Suppose -4*i = 7*p - 2*p - 7259, 7291 = 5*p - 4*i. Suppose 0*b - 3*b = -p. Is b prime?
False
Suppose 3*f - 4*c = -21, -2 - 5 = f - 3*c. Is (f - 19488/(-9)) + (-4)/(-6) a composite number?
True
Let p = 5570 + -2849. Is (-1)/((-2724)/p + 1) prime?
True
Is (2*1/(-2))/(2/(-818)) composite?
False
Let y(d) = -d**2 - 7*d - 5. Let w be y(-5). Let s = w + -2. Suppose 5*h - 10 = 4*g - 135, s*g - 5*h = 90. Is g prime?
False
Let b = -316 + 529. Is b a composite number?
True
Suppose -255198 = -47*g + 55895. Is g prime?
True
Let m = 2037 + -419. Is m a prime number?
False
Suppose 0 = -4*n - 5*l + 3623, -4*n + 3631 = 8*l - 11*l. Is n a prime number?
True
Let p = -9912 - -18985. Is p composite?
True
Let i(z) = -z + 8. Let g(j) = -j + 7. Let h(f) = -7*g(f) + 6*i(f). Let l be h(3). Suppose -n = -s - 78, -l*s - 153 = -2*n + 3*s. Is n a prime number?
True
Let m = 333 - 40. Is m a composite number?
False
Let w be 1 + (4/(-6))/(3/(-9)). Is 4103 + (w - ((1 - 1) + 3)) a prime number?
False
Is (-9)/6*5020/(-15) a composite number?
True
Suppose -3*p + 60 = p. Let t = -10 + p. Suppose -t*r - 302 = -3*q, 4*r - 27 = -4*q + 429. Is q prime?
True
Let u(z) = -36*z + 4. Let c be u(3). Let a be ((-2)/6)/(16/7824). Let n = c - a. Is n a prime number?
True
Let a = -4 - -2. Let d be (-64 - a)/((-3)/33). Suppose 3*i + 329 = 4*i + 2*v, 2*i - d = 2*v. Is i a composite number?
False
Let y(s) = s**2 + 6*s - 3. Let p be y(-7). Suppose p*v - 404 = -20. Let r = v - -141. Is r a composite number?
True
Let y = 2125 + -1455. Let n = y + -77. Is n a composite number?
False
Let f = -28 - -51. Let t = 23 - f. Is (2 - 1) + t + 325 a composite number?
True
Suppose -t = -3*s - s - 1, s + 9 = 2*t. Let y be (1/3)/((-1)/(-15)). Suppose 2*f - 819 = -t*r + 3*f, -r = y*f - 143. Is r a composite number?
False
Let j(o) be the second derivative of 213*o**5/5 + o**3/6 - 26*o. Is j(1) a composite number?
False
Let l be 601 + -1 - (0 - -2). Suppose -2*q + l = 5*p - 192, -2*p = 2*q - 316. Is p a composite number?
True
Let d be 1*-1 + (15 - 10). Let p be (d/(-2) - 15) + 1. Is (p + 3)/(2/(-22)) prime?
False
Suppose 4*x - 6*p + p + 53 = 0, -3*p + 27 = -2*x. Let h be (-4137)/x + (-3)/(-12). Let a = 52 + h. Is a prime?
True
Let c(q) = -q**3 + 4*q**2 - q + 10. Let w be c(4). Let l(t) = 16*t**2 - 6*t + 1. Is l(w) composite?
False
Suppose 0 = -25*i + 30*i - 96295. Is i a composite number?
False
Let g be (4 + -7)*(-280)/6. Suppose -2*z + g = -86. Is z a prime number?
True
Let r = -18590 + 36411. Is r prime?
False
Let h = -20 + 20. Let i(o) = -o + 2. Let w be i(h). Suppose -764 = -4*a - 0*a - 5*x, -382 = -w*a + 2*x. Is a prime?
True
Suppose -4*c - 40543 = -5*b - 7519, -4*c = -b + 6608. Suppose h - 2205 = 2*f, -5*f + b = 7*h - 4*h. Is h a prime number?
True
Let k(l) = 40*l**2 - 170*l - 11. Is k(27) a composite number?
True
Let z(t) = 2*t**3 - 30*t**2 - 61*t + 10. Is z(27) a composite number?
False
Suppose 2*o + 3*o = 0. Suppose -2*r + 3282 = 2*l, -r = 4*l - o*r - 6552. Is l a composite number?
False
Suppose 11*q - 16*q = -20. Is q/(-20) - 3716/(-5) composite?
False
Let w = 8460 - 5622. Let z = w - 716. Is z composite?
True
Suppose 97*r - 3107917 = -12*r. Is r prime?
True
Suppose -2*u + 4105 = 5*z - 4*z, -z = 3*u - 4103. Is z prime?
False
Let j = 2633 - 1515. Suppose -12*x + 10*x = -j. Suppose -5*q = -3*f - x, -5*q + 4*f = -564 + 7. Is q composite?
False
Suppose -11*g =